{"id":11366,"date":"2020-01-13T20:54:06","date_gmt":"2020-01-13T17:54:06","guid":{"rendered":"https:\/\/www.ambalajbursa.com\/magaza\/?page_id=11366"},"modified":"2021-05-30T16:25:27","modified_gmt":"2021-05-30T13:25:27","slug":"gizlilik-politikasi","status":"publish","type":"page","link":"https:\/\/ambalajbursa.com\/magaza\/gizlilik-politikasi\/","title":{"rendered":"Gizlilik politikas\u0131"},"content":{"rendered":"\n<h2 class=\"wp-block-heading\"><\/h2>\n\n\n\n<p><a href=\"https:\/\/www.ambalajbursa.com\/hakkimizda\/\"><strong>Biz kimiz<\/strong><\/a><br>Web sitemizin adresi:&nbsp;<a href=\"https:\/\/www.ambalajbursa.com\/ana-sayfa\/\">https:\/\/www.ambalajbursa.com\/<\/a><br>Gizlilik politikam\u0131z ile ilgili her t\u00fcrl\u00fc soru ve \u00f6nerileriniz i\u00e7in&nbsp;<strong>info@ambalajbursa.com<\/strong>&nbsp;adresine email g\u00f6nderebilirsiniz. Firmam\u0131z\u2019a ait a\u015fa\u011f\u0131daki ileti\u015fim bilgilerinden ula\u015fabilirsiniz.<br><br>Firma \u00dcnvan\u0131: \u015eEYMA AMBALAJ<br>Adres: Nam\u0131kkemal Mah. Nam\u0131kkemal Cad. No: 61\/A Osmangazi \/ BURSA<br>E-posta: info@ambalajbursa.com<br>Tel: (0224) 253 60 94 \u2013 0544 253 60 94 \u2013 0543 77 444 29<br><br>\u00dcYEL\u0130K KAYDI<br>\u00fcyelik kayd\u0131 s\u0131ras\u0131nda \u015eEYMA AMBALAJ sizden kredi kart\u0131, T.C kimlik bilgileri, Anne k\u0131zl\u0131k soyad\u0131 gibi bilgileri sizden asla istemez, bu gibi gizli bilgileri t\u00fcm kullan\u0131c\u0131lara a\u00e7\u0131k olarak kullan\u0131l\u0131rsa do\u011facak ma\u011fduriyetten firmam\u0131z sorumlu de\u011filir.<br><br>MA\u0130L ORDER KRED\u0130 KART B\u0130LG\u0130LER\u0130 G\u00dcVENL\u0130\u011e\u0130<br>Kredi kart\u0131 mail-order y\u00f6ntemi ile bize g\u00f6nderece\u011finiz kimlik ve kredi kart bilgileriniz firmam\u0131z taraf\u0131ndan gizlilik prensibine g\u00f6re saklanacakt\u0131r. Bu bilgiler banka ile olu\u015fubilecek kredi kart\u0131ndan para \u00e7ekim itirazlar\u0131na kar\u015f\u0131 60 g\u00fcn s\u00fcre ile bekletilip daha sonras\u0131nda imha edilmektedir. Sipari\u015f etti\u011finiz \u00fcr\u00fcnlerin bedeli kar\u015f\u0131l\u0131\u011f\u0131nda bize g\u00f6nderece\u011finiz taraf\u0131n\u0131zdan onayl\u0131 mail-order formu bedeli d\u0131\u015f\u0131nda herhangi bir bedelin kart\u0131n\u0131zdan \u00e7ekilmesi halinde do\u011fal olarak bankaya itiraz edebilir ve bu tutar\u0131n \u00f6denmesini <strong>engelleyebilece\u011finiz<\/strong> i\u00e7in bir risk olu\u015fturmamaktad\u0131r.<\/p>\n\n\n\n<p>E-POSTA G\u00dcVENL\u0130\u011e\u0130<br>Ma\u011fazam\u0131z\u0131n M\u00fc\u015fteri Hizmetleri\u2019ne, herhangi bir sipari\u015finizle ilgili olarak g\u00f6nderece\u011finiz e-postalarda, asla kredi kart\u0131 numaran\u0131z\u0131 veya \u015fifrelerinizi yazmay\u0131n\u0131z. E-postalarda yer alan bilgiler \u00fc\u00e7\u00fcnc\u00fc \u015fah\u0131slar taraf\u0131ndan g\u00f6r\u00fclebilir. Firmam\u0131z e-postalar\u0131n\u0131zdan aktar\u0131lan bilgilerin g\u00fcvenli\u011fini hi\u00e7bir ko\u015fulda garanti edemez.<\/p>\n\n\n\n<p><strong>Hangi ki\u015fisel bilgileri ne ama\u00e7la topluyoruz<\/strong><\/p>\n\n\n\n<h3 class=\"wp-block-heading\">Yorumlar<\/h3>\n\n\n\n<p>Ziyaret\u00e7iler sitede yorum b\u0131rakt\u0131\u011f\u0131nda yorum formunda g\u00f6sterilen verileri ve ayr\u0131ca istenmeyen yorum tespitine yard\u0131mc\u0131 olmak i\u00e7in ziyaret\u00e7inin IP adresi ve taray\u0131c\u0131 bilgisi metnini de toplar\u0131z.<\/p>\n\n\n\n<p>E-posta adresinizden olu\u015fturulmu\u015f anonimle\u015ftirilmi\u015f bir metin (hash olarak da adland\u0131r\u0131l\u0131r) Gravatar hizmetine, servisi kullan\u0131p kullanmad\u0131\u011f\u0131n\u0131z\u0131 g\u00f6rmek i\u00e7in, sa\u011flanabilir. Gravatar servisinin gizlilik politikas\u0131 \u015fu adrestedir: https:\/\/automattic.com\/privacy\/. Yorumunuzun onaylanmas\u0131ndan sonra profil resminiz yorumunuzla birlikte herkese g\u00f6r\u00fcn\u00fcr.<\/p>\n\n\n\n<h3 class=\"wp-block-heading\">Ortam<\/h3>\n\n\n\n<p>G\u00f6rselleri web sitesine y\u00fcklerseniz, g\u00f6m\u00fclm\u00fc\u015f konum verileri (EXIF GPS) i\u00e7eren g\u00f6rseller y\u00fcklemekten ka\u00e7\u0131nmal\u0131s\u0131n\u0131z. Web sitesi ziyaret\u00e7ileri, web sitesindeki g\u00f6rsellerden herhangi bir konum bilgisini indirip \u00e7\u0131karabilir.<\/p>\n\n\n\n<h3 class=\"wp-block-heading\">\u00c7erezler<\/h3>\n\n\n\n<p>Sitemize bir yorum b\u0131rak\u0131rsan\u0131z, isminizi, e-posta adresinizi ve web sitenizi \u00e7erezlerde kaydetmeyi se\u00e7ebilirsiniz. Bunlar size kolayl\u0131k sa\u011flamak i\u00e7indir, b\u00f6ylece ba\u015fka bir yorum b\u0131rakt\u0131\u011f\u0131n\u0131zda bilgilerinizi tekrar doldurman\u0131z gerekmez. Bu \u00e7erezler bir y\u0131l s\u00fcresince kal\u0131r.<\/p>\n\n\n\n<p>E\u011fer giri\u015f sayfas\u0131m\u0131z\u0131 ziyaret ederseniz, taray\u0131c\u0131n\u0131z\u0131n \u00e7erezleri kabul edip etmedi\u011fini belirlemek i\u00e7in ge\u00e7ici bir \u00e7erez ayarlayaca\u011f\u0131z. Bu \u00e7erez hi\u00e7bir ki\u015fisel veri i\u00e7ermez ve taray\u0131c\u0131n\u0131z\u0131 kapatt\u0131\u011f\u0131n\u0131zda at\u0131l\u0131r.<\/p>\n\n\n\n<p>Giri\u015f yapt\u0131\u011f\u0131n\u0131zda, giri\u015f bilgilerinizi ve ekran g\u00f6r\u00fcnt\u00fcleme se\u00e7iminizi kaydetmek i\u00e7in birka\u00e7 \u00e7erez kaydedece\u011fiz. Giri\u015f \u00e7erezleri iki g\u00fcn ve ekran se\u00e7enekleri \u00e7erezleri bir y\u0131l boyunca kal\u0131r. \u201cBeni hat\u0131rla\u201d se\u00e7ene\u011fini se\u00e7ereniz, giri\u015finiz iki hafta boyunca devam eder. Hesab\u0131n\u0131zdan \u00e7\u0131k\u0131\u015f yaparsan\u0131z, giri\u015f \u00e7erezleri kald\u0131r\u0131lacakt\u0131r.<\/p>\n\n\n\n<p>Bir makaleyi d\u00fczenler veya yay\u0131nlarsan\u0131z taray\u0131c\u0131n\u0131za ek bir \u00e7erez kaydedilir. Bu \u00e7erez hi\u00e7bir ki\u015fisel veri i\u00e7ermez ve sadece d\u00fczenledi\u011finiz makalenin yaz\u0131 kimli\u011fini g\u00f6sterir. 1 g\u00fcn sonra zaman a\u015f\u0131m\u0131na u\u011frar.<\/p>\n\n\n\n<h3 class=\"wp-block-heading\">Di\u011fer sitelerden g\u00f6m\u00fclen i\u00e7erik<\/h3>\n\n\n\n<p>Bu sitedeki makaleler g\u00f6m\u00fcl\u00fc i\u00e7erik (\u00f6r. videolar, g\u00f6rseller, makaleler, vb.) I\u00e7erebilir. Di\u011fer web sitelerinden g\u00f6m\u00fclen i\u00e7erik, ziyaret\u00e7inin di\u011fer web sitesini ziyaret etmi\u015f gibi, tam olarak ayn\u0131 \u015fekilde davran\u0131r.<\/p>\n\n\n\n<p>Bu web siteleri sizin hakk\u0131n\u0131zda veri toplayabilir, \u00e7erez kullanabilir, \u00fc\u00e7\u00fcnc\u00fc taraf taraf\u0131ndan g\u00f6m\u00fclm\u00fc\u015f \u015feklide takip yapabilir ve bir hesab\u0131n\u0131z varsa ve bu web sitesinde oturum a\u00e7t\u0131ysan\u0131z, g\u00f6m\u00fclen i\u00e7erikle etkle\u015fiminizi takip etme dahil olmak \u00fczere, bu g\u00f6m\u00fclen i\u00e7erikle etkile\u015fiminizi izleyebilir.<\/p>\n\n\n\n<h2 class=\"wp-block-heading\">Verilerinizi ne kadar s\u00fcre tutar\u0131z<\/h2>\n\n\n\n<p>Bir yorum b\u0131rak\u0131rsan\u0131z, yorum ve meta verileri s\u00fcresiz olarak saklan\u0131r. B\u00f6ylece, takip eden yorumlar\u0131n\u0131z\u0131 denetim kuyru\u011funda tutmak yerine otomatik olarak tan\u0131yabilir ve onaylayabiliriz.<\/p>\n\n\n\n<p>Web sitemize kay\u0131t yapt\u0131ran kullan\u0131c\u0131lar i\u00e7in (varsa) kullan\u0131c\u0131 profilinde sa\u011flad\u0131klar\u0131 ki\u015fisel bilgileri de saklar\u0131z. T\u00fcm kullan\u0131c\u0131lar ki\u015fisel bilgilerini istedikleri zaman g\u00f6rebilir, d\u00fczenleyebilir veya silebilir (kullan\u0131c\u0131 ad\u0131 de\u011fi\u015ftirme hari\u00e7). Web sitesi y\u00f6neticileri de bu bilgileri g\u00f6rebilir ve d\u00fczenleyebilir.<\/p>\n\n\n\n<h2 class=\"wp-block-heading\">Verileriniz \u00fczerindeki haklar\u0131n\u0131z neler<\/h2>\n\n\n\n<p>Bu sitede bir hesab\u0131n\u0131z veya yorumlar\u0131n\u0131z varsa, bize sa\u011flad\u0131\u011f\u0131n\u0131z veriler dahil olmak \u00fczere, hakk\u0131n\u0131zda tuttu\u011fumuz ki\u015fisel verilerin d\u0131\u015fa aktar\u0131lm\u0131\u015f bir dosyas\u0131n\u0131 almay\u0131 isteyebilirsiniz. Ayr\u0131ca, hakk\u0131n\u0131zda tuttu\u011fumuz t\u00fcm ki\u015fisel verileri de silmeyi isteyebilirsiniz. Bu, idari, yasal veya g\u00fcvenlik ama\u00e7lar\u0131na uymak zorunda oldu\u011fumuz hi\u00e7bir veriyi i\u00e7ermez.<\/p>\n\n\n\n<h2 class=\"wp-block-heading\">Verinizi nereye g\u00f6nderiyoruz<\/h2>\n\n\n\n<p>Ziyaret\u00e7i yorumlar\u0131 otomatik istenmeyen yorum alg\u0131lama servisi arac\u0131l\u0131\u011f\u0131yla kontrol edilebilir.<\/p>\n","protected":false},"excerpt":{"rendered":"<p>Biz kimizWeb sitemizin adresi:&nbsp;https:\/\/www.ambalajbursa.com\/Gizlilik politikam\u0131z ile ilgili her t\u00fcrl\u00fc soru ve \u00f6nerileriniz i\u00e7in&nbsp;info@ambalajbursa.com&nbsp;adresine email g\u00f6nderebilirsiniz. Firmam\u0131z\u2019a ait a\u015fa\u011f\u0131daki ileti\u015fim bilgilerinden ula\u015fabilirsiniz. Firma \u00dcnvan\u0131: \u015eEYMA AMBALAJAdres: Nam\u0131kkemal Mah. Nam\u0131kkemal Cad. No: 61\/A Osmangazi \/ BURSAE-posta: info@ambalajbursa.comTel: (0224) 253 60 94 \u2013 0544 253 60 94 \u2013 0543 77 444 29 \u00dcYEL\u0130K KAYDI\u00fcyelik kayd\u0131 s\u0131ras\u0131nda \u015eEYMA AMBALAJ [&hellip;]<\/p>\n","protected":false},"author":1,"featured_media":0,"parent":0,"menu_order":0,"comment_status":"closed","ping_status":"closed","template":"","meta":{"footnotes":""},"class_list":["post-11366","page","type-page","status-publish","hentry","entry","owp-thumbs-layout-vertical","owp-btn-normal","owp-tabs-layout-horizontal","has-no-thumbnails","has-product-nav","circle-sale"],"_links":{"self":[{"href":"https:\/\/ambalajbursa.com\/magaza\/wp-json\/wp\/v2\/pages\/11366","targetHints":{"allow":["GET"]}}],"collection":[{"href":"https:\/\/ambalajbursa.com\/magaza\/wp-json\/wp\/v2\/pages"}],"about":[{"href":"https:\/\/ambalajbursa.com\/magaza\/wp-json\/wp\/v2\/types\/page"}],"author":[{"embeddable":true,"href":"https:\/\/ambalajbursa.com\/magaza\/wp-json\/wp\/v2\/users\/1"}],"replies":[{"embeddable":true,"href":"https:\/\/ambalajbursa.com\/magaza\/wp-json\/wp\/v2\/comments?post=11366"}],"version-history":[{"count":0,"href":"https:\/\/ambalajbursa.com\/magaza\/wp-json\/wp\/v2\/pages\/11366\/revisions"}],"wp:attachment":[{"href":"https:\/\/ambalajbursa.com\/magaza\/wp-json\/wp\/v2\/media?parent=11366"}],"curies":[{"name":"wp","href":"https:\/\/api.w.org\/{rel}","templated":true}]}}

Gizlilik politikası

<h2 class="wp-block-heading"></h2>



<p><a href="https://www.ambalajbursa.com/hakkimizda/"><strong>Biz kimiz</strong></a><br>Web sitemizin adresi:&nbsp;<a href="https://www.ambalajbursa.com/ana-sayfa/">https://www.ambalajbursa.com/</a><br>Gizlilik politikamız ile ilgili her türlü soru ve önerileriniz için&nbsp;<strong>info@ambalajbursa.com</strong>&nbsp;adresine email gönderebilirsiniz. Firmamız’a ait aşağıdaki iletişim bilgilerinden ulaşabilirsiniz.<br><br>Firma Ünvanı: ŞEYMA AMBALAJ<br>Adres: Namıkkemal Mah. Namıkkemal Cad. No: 61/A Osmangazi / BURSA<br>E-posta: info@ambalajbursa.com<br>Tel: (0224) 253 60 94 – 0544 253 60 94 – 0543 77 444 29<br><br>ÜYELİK KAYDI<br>üyelik kaydı sırasında ŞEYMA AMBALAJ sizden kredi kartı, T.C kimlik bilgileri, Anne kızlık soyadı gibi bilgileri sizden asla istemez, bu gibi gizli bilgileri tüm kullanıcılara açık olarak kullanılırsa doğacak mağduriyetten firmamız sorumlu değilir.<br><br>MAİL ORDER KREDİ KART BİLGİLERİ GÜVENLİĞİ<br>Kredi kartı mail-order yöntemi ile bize göndereceğiniz kimlik ve kredi kart bilgileriniz firmamız tarafından gizlilik prensibine göre saklanacaktır. Bu bilgiler banka ile oluşubilecek kredi kartından para çekim itirazlarına karşı 60 gün süre ile bekletilip daha sonrasında imha edilmektedir. Sipariş ettiğiniz ürünlerin bedeli karşılığında bize göndereceğiniz tarafınızdan onaylı mail-order formu bedeli dışında herhangi bir bedelin kartınızdan çekilmesi halinde doğal olarak bankaya itiraz edebilir ve bu tutarın ödenmesini <strong>engelleyebileceğiniz</strong> için bir risk oluşturmamaktadır.</p>



<p>E-POSTA GÜVENLİĞİ<br>Mağazamızın Müşteri Hizmetleri’ne, herhangi bir siparişinizle ilgili olarak göndereceğiniz e-postalarda, asla kredi kartı numaranızı veya şifrelerinizi yazmayınız. E-postalarda yer alan bilgiler üçüncü şahıslar tarafından görülebilir. Firmamız e-postalarınızdan aktarılan bilgilerin güvenliğini hiçbir koşulda garanti edemez.</p>



<p><strong>Hangi kişisel bilgileri ne amaçla topluyoruz</strong></p>



<h3 class="wp-block-heading">Yorumlar</h3>



<p>Ziyaretçiler sitede yorum bıraktığında yorum formunda gösterilen verileri ve ayrıca istenmeyen yorum tespitine yardımcı olmak için ziyaretçinin IP adresi ve tarayıcı bilgisi metnini de toplarız.</p>



<p>E-posta adresinizden oluşturulmuş anonimleştirilmiş bir metin (hash olarak da adlandırılır) Gravatar hizmetine, servisi kullanıp kullanmadığınızı görmek için, sağlanabilir. Gravatar servisinin gizlilik politikası şu adrestedir: https://automattic.com/privacy/. Yorumunuzun onaylanmasından sonra profil resminiz yorumunuzla birlikte herkese görünür.</p>



<h3 class="wp-block-heading">Ortam</h3>



<p>Görselleri web sitesine yüklerseniz, gömülmüş konum verileri (EXIF GPS) içeren görseller yüklemekten kaçınmalısınız. Web sitesi ziyaretçileri, web sitesindeki görsellerden herhangi bir konum bilgisini indirip çıkarabilir.</p>



<h3 class="wp-block-heading">Çerezler</h3>



<p>Sitemize bir yorum bırakırsanız, isminizi, e-posta adresinizi ve web sitenizi çerezlerde kaydetmeyi seçebilirsiniz. Bunlar size kolaylık sağlamak içindir, böylece başka bir yorum bıraktığınızda bilgilerinizi tekrar doldurmanız gerekmez. Bu çerezler bir yıl süresince kalır.</p>



<p>Eğer giriş sayfasımızı ziyaret ederseniz, tarayıcınızın çerezleri kabul edip etmediğini belirlemek için geçici bir çerez ayarlayacağız. Bu çerez hiçbir kişisel veri içermez ve tarayıcınızı kapattığınızda atılır.</p>



<p>Giriş yaptığınızda, giriş bilgilerinizi ve ekran görüntüleme seçiminizi kaydetmek için birkaç çerez kaydedeceğiz. Giriş çerezleri iki gün ve ekran seçenekleri çerezleri bir yıl boyunca kalır. “Beni hatırla” seçeneğini seçereniz, girişiniz iki hafta boyunca devam eder. Hesabınızdan çıkış yaparsanız, giriş çerezleri kaldırılacaktır.</p>



<p>Bir makaleyi düzenler veya yayınlarsanız tarayıcınıza ek bir çerez kaydedilir. Bu çerez hiçbir kişisel veri içermez ve sadece düzenlediğiniz makalenin yazı kimliğini gösterir. 1 gün sonra zaman aşımına uğrar.</p>



<h3 class="wp-block-heading">Diğer sitelerden gömülen içerik</h3>



<p>Bu sitedeki makaleler gömülü içerik (ör. videolar, görseller, makaleler, vb.) Içerebilir. Diğer web sitelerinden gömülen içerik, ziyaretçinin diğer web sitesini ziyaret etmiş gibi, tam olarak aynı şekilde davranır.</p>



<p>Bu web siteleri sizin hakkınızda veri toplayabilir, çerez kullanabilir, üçüncü taraf tarafından gömülmüş şeklide takip yapabilir ve bir hesabınız varsa ve bu web sitesinde oturum açtıysanız, gömülen içerikle etkleşiminizi takip etme dahil olmak üzere, bu gömülen içerikle etkileşiminizi izleyebilir.</p>



<h2 class="wp-block-heading">Verilerinizi ne kadar süre tutarız</h2>



<p>Bir yorum bırakırsanız, yorum ve meta verileri süresiz olarak saklanır. Böylece, takip eden yorumlarınızı denetim kuyruğunda tutmak yerine otomatik olarak tanıyabilir ve onaylayabiliriz.</p>



<p>Web sitemize kayıt yaptıran kullanıcılar için (varsa) kullanıcı profilinde sağladıkları kişisel bilgileri de saklarız. Tüm kullanıcılar kişisel bilgilerini istedikleri zaman görebilir, düzenleyebilir veya silebilir (kullanıcı adı değiştirme hariç). Web sitesi yöneticileri de bu bilgileri görebilir ve düzenleyebilir.</p>



<h2 class="wp-block-heading">Verileriniz üzerindeki haklarınız neler</h2>



<p>Bu sitede bir hesabınız veya yorumlarınız varsa, bize sağladığınız veriler dahil olmak üzere, hakkınızda tuttuğumuz kişisel verilerin dışa aktarılmış bir dosyasını almayı isteyebilirsiniz. Ayrıca, hakkınızda tuttuğumuz tüm kişisel verileri de silmeyi isteyebilirsiniz. Bu, idari, yasal veya güvenlik amaçlarına uymak zorunda olduğumuz hiçbir veriyi içermez.</p>



<h2 class="wp-block-heading">Verinizi nereye gönderiyoruz</h2>



<p>Ziyaretçi yorumları otomatik istenmeyen yorum algılama servisi aracılığıyla kontrol edilebilir.</p>

<p>Biz kimizWeb sitemizin adresi:&nbsp;https://www.ambalajbursa.com/Gizlilik politikamız ile ilgili her türlü soru ve önerileriniz için&nbsp;info@ambalajbursa.com&nbsp;adresine email gönderebilirsiniz. Firmamız’a ait aşağıdaki iletişim bilgilerinden ulaşabilirsiniz. Firma Ünvanı: ŞEYMA AMBALAJAdres: Namıkkemal Mah. Namıkkemal Cad. No: 61/A Osmangazi / BURSAE-posta: info@ambalajbursa.comTel: (0224) 253 60 94 – 0544 253 60 94 – 0543 77 444 29 ÜYELİK KAYDIüyelik kaydı sırasında ŞEYMA AMBALAJ [&hellip;]</p>
