{"id":14035,"date":"2023-01-26T01:40:05","date_gmt":"2023-01-25T22:40:05","guid":{"rendered":"https:\/\/www.ambalajbursa.com\/magaza\/?post_type=product&#038;p=14035"},"modified":"2026-03-09T19:07:49","modified_gmt":"2026-03-09T16:07:49","slug":"kagit-poset-baski-ucreti","status":"publish","type":"product","link":"https:\/\/ambalajbursa.com\/magaza\/urun\/kagit-poset-baski-ucreti\/","title":{"rendered":"Ka\u011f\u0131t po\u015fet bask\u0131 \u00fccreti"},"content":{"rendered":"<h2>Ka\u011f\u0131t po\u015fet bask\u0131 \u00fccreti<\/h2>\n<p>ka\u011f\u0131t po\u015fet veya ald\u0131\u011f\u0131n\u0131z ambalaja bask\u0131 yap\u0131lmas\u0131n\u0131 istedi\u011finizde, bask\u0131 \u00fccreti al\u0131p whatsapp veya e-mail ile bas\u0131lacak logo, firma ismi veya isim \u00f6n tasar\u0131m\u0131 size g\u00f6nderip onay\u0131n\u0131z dahilinde bask\u0131 yap\u0131l\u0131r.<\/p>\n<p>Az say\u0131daki \u00fcr\u00fcnlere flekso bask\u0131 yap\u0131lamad\u0131\u011f\u0131ndan dolay\u0131, haz\u0131r yap\u0131lm\u0131\u015f \u00fcr\u00fcnlerin \u00fczerine serigrafi bask\u0131 yap\u0131lmaktad\u0131r.<br \/>\nBask\u0131 s\u00fcresi ortalama 7 i\u015f g\u00fcn\u00fcd\u00fcr.<\/p>\n","protected":false},"excerpt":{"rendered":"<p><span style=\"vertical-align: inherit;\"><span style=\"vertical-align: inherit;\">Ka\u011f\u0131t po\u015fet bask\u0131 \u00fccreti<br \/>\nSerigrafi bask\u0131<\/span><\/span><\/p>\n","protected":false},"featured_media":13823,"comment_status":"open","ping_status":"closed","template":"","meta":[],"product_brand":[],"product_cat":[61,331,254],"product_tag":[374,335,334,373,375],"class_list":{"0":"post-14035","1":"product","2":"type-product","3":"status-publish","4":"has-post-thumbnail","6":"product_cat-kagit-poset-kagit-canta","7":"product_cat-baski-ucreti","8":"product_cat-logo-baskili-kagit-poset","9":"product_tag-cift-yon-kagit-poset-baski","10":"product_tag-kagit-poset-baski-ucreti","11":"product_tag-kagit-poset-baski-ucreti-tek-yon","12":"product_tag-poset-baski","13":"product_tag-posete-baski","15":"entry","16":"has-media","18":"first","19":"instock","20":"shipping-taxable","21":"purchasable","22":"product-type-variable","23":"has-default-attributes","24":"has-product-nav","25":"col","26":"span_1_of_5","27":"owp-content-center","28":"owp-thumbs-layout-vertical","29":"owp-btn-normal","30":"owp-tabs-layout-horizontal","32":"circle-sale"},"_links":{"self":[{"href":"https:\/\/ambalajbursa.com\/magaza\/wp-json\/wp\/v2\/product\/14035","targetHints":{"allow":["GET"]}}],"collection":[{"href":"https:\/\/ambalajbursa.com\/magaza\/wp-json\/wp\/v2\/product"}],"about":[{"href":"https:\/\/ambalajbursa.com\/magaza\/wp-json\/wp\/v2\/types\/product"}],"replies":[{"embeddable":true,"href":"https:\/\/ambalajbursa.com\/magaza\/wp-json\/wp\/v2\/comments?post=14035"}],"wp:featuredmedia":[{"embeddable":true,"href":"https:\/\/ambalajbursa.com\/magaza\/wp-json\/wp\/v2\/media\/13823"}],"wp:attachment":[{"href":"https:\/\/ambalajbursa.com\/magaza\/wp-json\/wp\/v2\/media?parent=14035"}],"wp:term":[{"taxonomy":"product_brand","embeddable":true,"href":"https:\/\/ambalajbursa.com\/magaza\/wp-json\/wp\/v2\/product_brand?post=14035"},{"taxonomy":"product_cat","embeddable":true,"href":"https:\/\/ambalajbursa.com\/magaza\/wp-json\/wp\/v2\/product_cat?post=14035"},{"taxonomy":"product_tag","embeddable":true,"href":"https:\/\/ambalajbursa.com\/magaza\/wp-json\/wp\/v2\/product_tag?post=14035"}],"curies":[{"name":"wp","href":"https:\/\/api.w.org\/{rel}","templated":true}]}}