{"id":376,"date":"2022-11-07T23:22:19","date_gmt":"2022-11-07T20:22:19","guid":{"rendered":"https:\/\/www.ambalajbursa.com\/magaza2\/magaza\/urun\/kategorilenmemis\/import-placeholder-for-1545"},"modified":"2025-12-18T05:39:07","modified_gmt":"2025-12-18T02:39:07","slug":"ofset-baskili-karton-canta-bursa","status":"publish","type":"product","link":"https:\/\/ambalajbursa.com\/magaza\/urun\/ofset-baskili-karton-canta-bursa\/","title":{"rendered":"Ofset Bask\u0131l\u0131 Karton \u00e7anta Bursa"},"content":{"rendered":"<h2>Ofset Bask\u0131l\u0131 Karton \u00e7anta<\/h2>\n<p>Firman\u0131za \u00f6zel logo bask\u0131l\u0131 karton \u00e7anta Bursa&#8217;da \u00fcretimi yapmaktay\u0131z.<br \/>\nAdet s\u0131n\u0131rlamas\u0131 olmaks\u0131z\u0131n ihtiyac\u0131n\u0131z kadar adet ve ebatta sipari\u015f verebilirsiniz. Karton \u00c7antalar selefon kapl\u0131d\u0131r.<\/p>\n<p>\u00dcretim s\u00fcresi 7 i\u015f g\u00fcn\u00fcd\u00fcr<\/p>\n","protected":false},"excerpt":{"rendered":"<p>Ofset Bask\u0131l\u0131 Karton \u00e7anta<\/p>\n<p>Fiyat listesini inceleyerek sipari\u015f tutar\u0131n\u0131 girip, sat\u0131n alma b\u00f6l\u00fcm\u00fcne a\u00e7\u0131klama giriniz.<br \/>\nKarton \u00e7antalar adet ve ebaba g\u00f6re fiyatlar de\u011fi\u015fkendir.<br \/>\nfiyatlistemizi inceleyebilirsiniz.<br \/>\na\u015fa\u011f\u0131daki formu doldurup detayl\u0131 bilgi alabilir veya sipari\u015f verebilirsiniz.<\/p>\n<p style=\"text-align: center;\">____________________________________________<\/p>\n<p><strong>[emd_form id=&#8221;15468&#8243;]<\/strong><\/p>\n","protected":false},"featured_media":154,"comment_status":"open","ping_status":"closed","template":"","meta":[],"product_brand":[],"product_cat":[34,752,245,246],"product_tag":[314,35,21,315,316,36,37,38,26,39],"class_list":{"0":"post-376","1":"product","2":"type-product","3":"status-publish","4":"has-post-thumbnail","6":"product_cat-karton-cantalar","7":"product_cat-ip-sapli-karton-canta","8":"product_cat-logo-baskili-ambalaj","9":"product_cat-logo-baskili-karton-canta","10":"product_tag-basklili-karton-canta","11":"product_tag-firma-baskili-karton-canta","12":"product_tag-ip-sapli-karton-canta","13":"product_tag-ipli-karton-canta","14":"product_tag-kurdeleli-karton-canta","15":"product_tag-mat-karton-canta","16":"product_tag-mor-karton-canta","17":"product_tag-selefonlu-karton-canta","18":"product_tag-ucuz-karton-canta","19":"product_tag-yatay-karton-canta","21":"entry","22":"has-media","24":"first","25":"instock","26":"taxable","27":"shipping-taxable","28":"purchasable","29":"product-type-simple","30":"has-rating","31":"has-product-nav","32":"col","33":"span_1_of_5","34":"owp-content-center","35":"owp-thumbs-layout-vertical","36":"owp-btn-normal","37":"owp-tabs-layout-horizontal","39":"circle-sale"},"_links":{"self":[{"href":"https:\/\/ambalajbursa.com\/magaza\/wp-json\/wp\/v2\/product\/376","targetHints":{"allow":["GET"]}}],"collection":[{"href":"https:\/\/ambalajbursa.com\/magaza\/wp-json\/wp\/v2\/product"}],"about":[{"href":"https:\/\/ambalajbursa.com\/magaza\/wp-json\/wp\/v2\/types\/product"}],"replies":[{"embeddable":true,"href":"https:\/\/ambalajbursa.com\/magaza\/wp-json\/wp\/v2\/comments?post=376"}],"wp:featuredmedia":[{"embeddable":true,"href":"https:\/\/ambalajbursa.com\/magaza\/wp-json\/wp\/v2\/media\/154"}],"wp:attachment":[{"href":"https:\/\/ambalajbursa.com\/magaza\/wp-json\/wp\/v2\/media?parent=376"}],"wp:term":[{"taxonomy":"product_brand","embeddable":true,"href":"https:\/\/ambalajbursa.com\/magaza\/wp-json\/wp\/v2\/product_brand?post=376"},{"taxonomy":"product_cat","embeddable":true,"href":"https:\/\/ambalajbursa.com\/magaza\/wp-json\/wp\/v2\/product_cat?post=376"},{"taxonomy":"product_tag","embeddable":true,"href":"https:\/\/ambalajbursa.com\/magaza\/wp-json\/wp\/v2\/product_tag?post=376"}],"curies":[{"name":"wp","href":"https:\/\/api.w.org\/{rel}","templated":true}]}}